of p(-11)?
3
Let m be -3*6/(-9)*4. Suppose -3*w + m*w = 40. What is the units digit of w?
8
Let a be (-2216)/3 - 4/(-6). What is the units digit of ((-3)/2)/(27/a)?
1
Let u = -4 + 10. Let b(o) = 5*o - 9. What is the tens digit of b(u)?
2
Let y(j) = -j**2 - 3*j + 4. Let v be (-2)/3*9/2. Let q be y(v). What is the units digit of 270/14 + q/(-14)?
9
Let x be 3*1*24/(-18). What is the units digit of (2/(-4))/(x/8)?
1
Let a(s) = -s + 3. Let p be a(-7). Suppose p = b - 2. What is the tens digit of b?
1
Suppose 2*d + 19 = 3*j, -3*d = -3*j + 2*d + 34. Let p = j + -1. Let h = -1 + p. What is the units digit of h?
1
Suppose 162 + 103 = 5*b. Let k = b - 38. What is the tens digit of k?
1
Suppose -y - 647 = -3*d, -2*d + 420 = 6*y - y. What is the tens digit of d?
1
Let n(c) = -c - 1. What is the units digit of n(-3)?
2
Let q(n) = n. Let w be q(0). Suppose -5*d + 23 = -t, -2*t - 14 = -w*d - 2*d. Suppose u - 3 = 0, -5*o + d*u + 6 = -2*o. What is the units digit of o?
6
Let x(d) = -12*d**3 + 1. Let t(o) = o - 10. Let f be t(9). What is the units digit of x(f)?
3
Let r(z) be the second derivative of 3*z**5/20 + z**3/6 + z**2 - z. Let m be r(2). Suppose 4*t - m - 4 = 0. What is the units digit of t?
8
Let v = -138 - -40. Let z = v - -147. What is the tens digit of z?
4
Suppose -5*y + 61 = -59. What is the units digit of y?
4
Suppose 4 + 1 = -f, -3*o + f = -17. Suppose -22 = -5*u + o*q, 6*u - u - 25 = 5*q. Suppose -u*w = 6, w = 4*d + 3*w - 2. What is the units digit of d?
2
Let v be 4/(-14) + (-37)/(-7). Suppose v*q = 10 - 0. What is the units digit of q*1 - 25/(-5)?
7
What is the tens digit of ((1 - -1) + 9/(-6))*50?
2
Let t = 127 + -67. Suppose -x + c + 12 = 0, -3*c + t = -0*x + 3*x. What is the units digit of x?
6
Suppose 4*a = -f + 39, -3*a - 3*f + 4*f + 38 = 0. Suppose -2*w = -w - a. What is the units digit of w?
1
Let t(q) = -q**3 + 6*q**2 + 2*q - 7. Let f be t(6). Let d = -1 + 14. Suppose 2*h + f*w - 10*w - d = 0, 5*w + 1 = -h. What is the units digit of h?
4
Let c be (74/(-4))/((-5)/10). Suppose -o = -c - 8. What is the units digit of o?
5
Suppose 4*w + 4*c = 72, w - 4*c - 112 = -3*w. Suppose -3*u - w = -a + u, -2*a = -5*u - 31. What is the units digit of 8 - (3/1 - a)?
8
Let t = -28 - -5. Let a = -16 - t. What is the units digit of a?
7
Let j = 396 + -155. What is the hundreds digit of j?
2
Suppose 3*b = 5*b - 4. Let t be 6/(-2) + -1 + b. What is the units digit of 3/(t/(-6)*3)?
3
Let t = 8 - 4. Suppose 4*d + 5*g = 26, -t*d + 4 = -5*g - 2. What is the units digit of d*2/(-6)*-6?
8
Suppose 5*x - 5*c + 79 = -6, 5*c = 10. Let r = -8 - x. What is the units digit of r?
7
Let p = 10 + -7. Suppose p = -x - 2*x. Let j = 8 + x. What is the units digit of j?
7
Let a(c) = 36*c. What is the units digit of a(1)?
6
Let t(v) = 2*v**2 + 2*v. Let w be (-66)/(-18) - 1/(-3). Let o(d) = -d**2 + 4*d - 3. Let i be o(w). What is the tens digit of t(i)?
1
Suppose -5*z + 87 = -8. Let o = 34 - z. Let h = -7 + o. What is the units digit of h?
8
Let m(b) = 3*b + 1. Let i be m(2). Let s(a) = a + 6. What is the units digit of s(i)?
3
Suppose -2 = -p - 0. Suppose 5*k - 4*w - 218 = -0*k, 0 = p*w + 4. What is the tens digit of k?
4
Let q = 83 - 40. What is the units digit of q?
3
What is the units digit of ((-2)/(-4))/(14/840)?
0
Let k(l) = 5*l**3 - 3*l**2 + 3*l - 1. What is the tens digit of k(2)?
3
Let w(l) = 7 + 7*l + 4*l + 3*l**2 + 4*l**2 - 5*l**2. Let m be w(-7). What is the units digit of (m/(-4))/((-2)/4)?
4
Let h(n) = -n + 60. What is the tens digit of h(-19)?
7
Suppose -2*s + 6 = -0*s. Let q = 4 + 0. Suppose 2*y = -c - s, q*c + 18 = -y - y. What is the units digit of y?
1
Let d(s) = -s + 13. Let a be d(6). Suppose -p - 4*p = c + 5, 3*p + c = -3. Let g = a + p. What is the units digit of g?
6
Let v = -36 + 41. What is the units digit of v?
5
Suppose 4*m = u + 6, 2*u - 4*m = -0*m. What is the units digit of u?
6
Let f = -17 - -38. What is the tens digit of f?
2
Let l be (-4 + 2)*1/(-2). Let j be ((-4)/6)/(l/(-3)). Suppose y - 10 = -j. What is the units digit of y?
8
Suppose 8*v - 60 = -2*v. What is the units digit of v?
6
Suppose -52 = -5*o + o. Let d = o + 2. What is the units digit of d?
5
Let g = -4 - -10. Suppose -g = -4*r + 2*r. Let h = r + -1. What is the units digit of h?
2
Suppose -2 = -3*x + 13. What is the units digit of x?
5
Let j = -7 + -9. Let q = j - -26. What is the units digit of q?
0
Let i = 223 - 39. Let u = i + -73. Suppose u = 5*d - 5*g + 31, 3*d - 4*g - 52 = 0. What is the tens digit of d?
1
Let b = 142 + 6. Suppose -15 = 3*x + 2*m - 119, 0 = -4*x + 2*m + b. What is the units digit of x?
6
Let a(i) = i**2 + 6*i - 5. Let b be a(-7). Suppose b*v + 3 = v. What is the units digit of (2 - 0/v) + 4?
6
Suppose 0 = 5*c - 4*h + 31, -4*c + h - 32 = -4*h. Let w be 3 + (-3)/(-3)*c. Suppose -28 = -o + 4*j, 3*j + 15 = -w. What is the units digit of o?
8
Suppose 3*b - 5*b + 38 = 0. Let g = b - 16. What is the units digit of g?
3
Let y(l) = -3*l - 1. Let p be y(-5). Let f = -2 + p. Suppose f = -5*d + 57. What is the units digit of d?
9
Let x = 38 - 23. What is the units digit of x?
5
Let d = 45 - 16. Suppose 3*q - 3 - 8 = l, 5*q = -l + d. Suppose z + l*z = 45. What is the units digit of z?
9
Let o(m) = -m**3 - 8*m**2 - 8*m + 2. Suppose -2*z - 2*z = -2*b - 10, 2*z + 2 = 0. Let v be o(b). Suppose -2*r - v = -21. What is the units digit of r?
6
Let w(a) = -18*a**3 + a. Let p(l) = l + 8. Let h be p(-9). Let t be w(h). Suppose -2*m = -t + 1. What is the units digit of m?
8
Suppose -7*w + 3*w = 0. Suppose -2*j - j + 9 = w. Suppose -f + 2 = -j. What is the units digit of f?
5
Let i(r) = -r**2 + 6. Let k be i(0). Let y = k - -6. What is the units digit of ((-6)/y)/(1/(-2))?
1
Let d be 1 - (2 + (-2 - -2)). What is the tens digit of -3 + (-1)/(d/28)?
2
Suppose v - 2 = 3. Suppose v*z = 81 - 26. What is the units digit of z?
1
Suppose -2*x + y + 246 = 0, -3*x - 2*y + 309 = -74. What is the tens digit of x?
2
Let x = -6 + 7. Suppose x - 16 = -5*k. Suppose -k = 3*c - 12. What is the units digit of c?
3
Let n(f) = 2*f + 2. What is the units digit of n(0)?
2
Suppose 2*q - 114 = 8. What is the units digit of q?
1
What is the tens digit of 2/(-3)*90/(-4)?
1
Let j = 9 + 3. What is the tens digit of 19*-3*(-4)/j?
1
Suppose -24 = -6*z + 180. What is the tens digit of z?
3
Let h = 21 + -32. Suppose 2*a = -r + 5, 0 = 3*a - 5*a + 4*r + 10. What is the tens digit of (3 - (h + a)) + 0?
1
Suppose 0 = 5*h - h. Let m(j) = j + j + h*j + 2. What is the units digit of m(8)?
8
Let q = 16 - 40. Let i = q + 36. What is the tens digit of i?
1
Suppose 0*n = -n + 4. Suppose -4*v + n*a = 12, -1 = -a + 3. Let p = 3 + v. What is the units digit of p?
4
Let f = -9 - -11. Let b be (-2)/(1/1 - 2). Suppose 0 = -2*r - 4*a - 8 + f, 4*a + 26 = b*r. What is the units digit of r?
5
Suppose 0 = -0*w + 2*w - 38. Let r be (-6 - 3)*2/3. Let t = w + r. What is the tens digit of t?
1
Suppose 3*c - 22 - 8 = 0. Let u = -9 + c. Suppose b - u + 0 = 0. What is the units digit of b?
1
Let t(y) = 2*y - 5. Let x be t(-6). Let k = -13 - x. What is the units digit of k?
4
Suppose 160 = 4*f - 4*u, 0 = -f + 2*f - 3*u - 46. What is the units digit of f?
7
Let r(n) = n**3 + 4*n**2 - 6*n - 5. Suppose 9 = -3*v - 6. Let o be r(v). What is the units digit of (o - 14)*1/(-2)?
7
Let w be 9 - 0 - (2 - 0). Suppose -4*o + w + 5 = 0. What is the units digit of o?
3
Let c be 15/(4 + 20/(-8)). What is the units digit of (26/3)/(c/30)?
6
Suppose 2*n - 6 = -2*g, 3*n + 7 - 32 = -5*g. What is the units digit of g?
8
Let n = 120 - -139. What is the hundreds digit of n?
2
Suppose 2*t = 7*t - 10. Suppose -t*y + 52 = -j - 3*j, -3*y + 63 = -j. What is the units digit of y?
0
Suppose -2*y = -w + 6*w - 745, -4*y + 745 = 5*w. What is the units digit of w?
9
What is the tens digit of (102/5)/((-4)/(-10))?
5
What is the units digit of (-3 - 4)/(1/(-3))?
1
Suppose 5*s + 4*r + 0*r = 55, 0 = -4*s + 4*r + 80. Let y = s + -9. What is the units digit of y?
6
Let v be -2 - 0 - (-5)/(-5). What is the tens digit of 22*v/3*-1?
2
Let a = 3 - -7. Let t = a - 3. Let y = t - -2. What is the units digit of y?
9
Let m(f) = -146*f**3 + 5*f + 5. What is the units digit of m(-1)?
6
Let s be 2/(-3 - -2 - 0). Let b = 10 + s. What is the units digit of b?
8
Let q(k) be the second der